 of 1128587?
23, 49069
What are the prime factors of 241538?
2, 11, 10979
What are the prime factors of 1674974?
2, 7, 181, 661
List the prime factors of 286443.
3, 103
List the prime factors of 239529.
3, 79843
What are the prime factors of 3258806?
2, 59, 27617
What are the prime factors of 679592?
2, 17, 19, 263
List the prime factors of 1093232.
2, 7, 43, 227
List the prime factors of 13457884.
2, 11, 305861
List the prime factors of 1241370.
2, 3, 5, 13, 1061
What are the prime factors of 454240?
2, 5, 17, 167
What are the prime factors of 1793015?
5, 7, 51229
What are the prime factors of 5169400?
2, 5, 25847
What are the prime factors of 2776537?
23, 61, 1979
What are the prime factors of 13548783?
3, 257, 17573
What are the prime factors of 370303?
367, 1009
List the prime factors of 1265795.
5, 253159
List the prime factors of 214477.
139, 1543
What are the prime factors of 391458?
2, 3, 53, 1231
What are the prime factors of 3225960?
2, 3, 5, 29, 103
What are the prime factors of 434954?
2, 13, 16729
List the prime factors of 30794800.
2, 5, 167, 461
What are the prime factors of 64171?
64171
What are the prime factors of 6498786?
2, 3, 7, 154733
What are the prime factors of 7200109?
7, 146941
List the prime factors of 2077452.
2, 3, 13, 23, 193
List the prime factors of 56034.
2, 3, 11, 283
List the prime factors of 1658012.
2, 414503
What are the prime factors of 807433?
11, 6673
What are the prime factors of 2015172?
2, 3, 47, 397
What are the prime factors of 121472?
2, 13, 73
List the prime factors of 496116.
2, 3, 13781
List the prime factors of 8637575.
5, 107, 3229
What are the prime factors of 22083257?
7, 1409, 2239
What are the prime factors of 4319050?
2, 5, 86381
What are the prime factors of 206948?
2, 7, 19, 389
What are the prime factors of 1287349?
7, 183907
List the prime factors of 1466119.
41, 35759
List the prime factors of 19295857.
7, 31, 12703
List the prime factors of 356282.
2, 178141
List the prime factors of 19323256.
2, 2415407
What are the prime factors of 7534264?
2, 17, 55399
List the prime factors of 1110493.
19, 211, 277
What are the prime factors of 4777227?
3, 7, 13, 19, 307
What are the prime factors of 1884310?
2, 5, 188431
What are the prime factors of 730399?
730399
List the prime factors of 177789.
3, 59263
What are the prime factors of 814134?
2, 3, 47, 2887
List the prime factors of 3579079.
7, 511297
List the prime factors of 77723.
77723
List the prime factors of 21354243.
3, 7118081
List the prime factors of 139079.
139079
What are the prime factors of 162110?
2, 5, 13, 29, 43
What are the prime factors of 2841980?
2, 5, 142099
What are the prime factors of 732192?
2, 3, 29, 263
What are the prime factors of 779570?
2, 5, 11, 19, 373
List the prime factors of 3496308.
2, 3, 291359
List the prime factors of 1560986.
2, 7, 43, 2593
List the prime factors of 24711721.
24711721
List the prime factors of 389069.
67, 5807
List the prime factors of 300520.
2, 5, 11, 683
What are the prime factors of 441883?
13, 19, 1789
List the prime factors of 24116362.
2, 12058181
List the prime factors of 14179007.
47, 301681
List the prime factors of 239118.
2, 3, 11, 3623
List the prime factors of 96440.
2, 5, 2411
What are the prime factors of 8197805?
5, 7, 11, 107, 199
List the prime factors of 613966.
2, 19, 107, 151
List the prime factors of 2772351.
3, 23, 59, 227
What are the prime factors of 195551?
17, 11503
List the prime factors of 232423.
67, 3469
List the prime factors of 10382107.
281, 36947
List the prime factors of 7668473.
47, 167, 977
List the prime factors of 13546.
2, 13, 521
List the prime factors of 24917434.
2, 67, 185951
What are the prime factors of 4135157?
13, 37, 8597
What are the prime factors of 503238?
2, 3, 83873
List the prime factors of 1793187.
3, 11, 59, 307
List the prime factors of 862704.
2, 3, 1997
What are the prime factors of 13304041?
13304041
List the prime factors of 1230764.
2, 307691
What are the prime factors of 29045383?
293, 99131
List the prime factors of 19115498.
2, 9557749
List the prime factors of 8844724.
2, 7, 315883
What are the prime factors of 12904182?
2, 3, 716899
What are the prime factors of 19611830?
2, 5, 7, 29, 9661
What are the prime factors of 2213735?
5, 442747
What are the prime factors of 3579554?
2, 11, 17, 563
What are the prime factors of 3991072?
2, 124721
List the prime factors of 3618509.
3618509
What are the prime factors of 4438514?
2, 19, 116803
What are the prime factors of 779233?
7, 13, 8563
What are the prime factors of 22920809?
97, 236297
What are the prime factors of 31897?
167, 191
List the prime factors of 1952887.
1952887
List the prime factors of 293232.
2, 3, 41, 149
List the prime factors of 23805546.
2, 3, 97, 40903
List the prime factors of 819807.
3, 273269
What are the prime factors of 1774408?
2, 293, 757
List the prime factors of 1415156.
2, 41, 8629
What are the prime factors of 4831491?
3, 7, 19, 12109
List the prime factors of 755497.
17, 19, 2339
List the prime factors of 206537.
241, 857
List the prime factors of 3578028.
2, 3, 298169
What are the prime factors of 2517210?
2, 3, 5, 9323
What are the prime factors of 3229190?
2, 5, 322919
What are the prime factors of 4383822?
2, 3, 730637
List the prime factors of 1949825.
5, 23, 3391
List the prime factors of 4625228.
2, 1156307
List the prime factors of 107552.
2, 3361
What are the prime factors of 98426?
2, 29, 1697
What are the prime factors of 907170?
2, 3, 5, 11, 2749
What are the prime factors of 109001?
109001
What are the prime factors of 469768?
2, 13, 4517
What are the prime factors of 2371091?
2371091
List the prime factors of 11527091.
19, 37, 863
List the prime factors of 4087046.
2, 2043523
What are the prime factors of 108779?
11, 29, 31
What are the prime factors of 1083165?
3, 5, 72211
What are the prime factors of 510016?
2, 13, 613
What are the prime factors of 1602436?
2, 11, 79, 461
List the prime factors of 470369.
647, 727
What are the prime factors of 377501?
227, 1663
List the prime factors of 7036082.
2, 3518041
List the prime factors of 3609654.
2, 3, 421, 1429
List the prime factors of 4533316.
2, 31, 36559
What are the prime factors of 145946?
2, 72973
What are the prime factors of 7507575?
3, 5, 61, 547
What are the prime factors of 2131226?
2, 23, 107, 433
List the prime factors of 2770081.
227, 12203
List the prime factors of 9817883.
79, 124277
List the prime factors of 605991.
3, 201997
What are the prime factors of 748730?
2, 5, 74873
List the prime factors of 15886700.
2, 5, 158867
What are the prime factors of 199961?
199961
What are the prime factors of 580387?
349, 1663
List the prime factors of 4589837.
7, 601, 1091
List the prime factors of 199012.
2, 11, 4523
What are the prime factors of 230209?
7, 32887
List the prime factors of 10858450.
2, 5, 217169
What are the prime factors of 13640927?
563, 24229
What are the prime factors of 7827325?
5, 11, 28463
List the prime factors of 900279.
3, 67, 1493
What are the prime factors of 1663677?
3, 31, 67, 89
What are the prime factors of 1320371?
13, 47, 2161
What are the prime factors of 205665?
3, 5, 13711
What are the prime factors of 129080?
2, 5, 7, 461
List the prime factors of 511543.
23, 967
What are the prime factors of 25028575?
5, 11, 13, 7001
List the prime factors of 4114050.
2, 3, 5, 27427
List the prime factors of 3094000.
2, 5, 7, 13, 17
List the prime factors of 428610.
2, 3, 5, 7, 13, 157
What are the prime factors of 6436669?
421, 15289
List the prime factors of 7123720.
2, 5, 178093
List the prime factors of 146117.
146117
What are the prime factors of 817140?
2, 3, 5, 13619
List the prime factors of 4608687.
3, 41, 89, 421
What are the prime factors of 742769?
151, 4919
List the prime factors of 9504848.
2, 31, 19163
What are the prime factors of 1275741?
3, 23, 6163
What are the prime factors of 1236258?
2, 3, 173, 397
List the prime factors of 6027552.
2, 3, 20929
List the prime factors of 67230.
2, 3, 5, 83
List the prime factors of 103858.
2, 51929
What are the prime factors of 2272109?
7, 324587
What are the prime factors of 415864?
2, 227, 229
List the prime factors of 22747630.
2, 5, 2274763
List the prime factors of 3980596.
2, 43, 2